late the remainder when 12 is divided by h.
0
Let c(l) = 4*l**3 - 36*l**2 + 12*l + 9. What is the remainder when 126 is divided by c(9)?
9
Let p = -102 - 254. Let y = p - -404. Calculate the remainder when 73 is divided by y.
25
Suppose -398*s = -397*s + 3, -5*m + 89 = -3*s. Calculate the remainder when (0 + 55/(-4))*-4 is divided by m.
7
Calculate the remainder when (-1401120)/(-2079) - (-4)/66 is divided by 274.
126
Let k be 2/3 - (4 - (-38)/(-6)). Suppose 6*c = k*u + c - 84, 0 = -5*u + 4*c + 127. Suppose -3*s = -79 + 28. What is the remainder when u is divided by s?
6
Let h = 73 - 40. Let c = -59 - -166. Let g = -9 + c. Calculate the remainder when g is divided by h.
32
Let w(u) = -u**2 - 3*u + 3. Let c = -35 + 33. Let r be w(c). Suppose 555 = r*g + l, 4*g = -0*g - l + 444. Calculate the remainder when g is divided by 28.
27
Suppose 2*u - 3444 = -2*l, -3*l + 0*u + 5178 = -u. Calculate the remainder when l is divided by 216.
213
Let f(s) = -3*s**2 + 2*s + 1. Let h be f(2). Let u(d) = d**2 + d - 10. Let c = -49 + 67. What is the remainder when u(h) is divided by c?
14
What is the remainder when (-739368)/(-96) + (5 - 207/36) is divided by 82?
75
Let a = 90 + -88. Let u = 11 - -3. Calculate the remainder when (-45)/a*(-6)/5 is divided by u.
13
Let r be -2*(-8 + (-90)/(-20)). Let n(k) = -3*k**2 + 2*k + 5. Let c be n(4). Let z = r - c. What is the remainder when 166 is divided by z?
40
Let h be (-7 - -6)*-477 - 6. Let l = h + -457. Calculate the remainder when 122 is divided by l.
10
Suppose 48*u - 86 - 715 + 33 = 0. What is the remainder when 5/(10/4) - -72 is divided by u?
10
Calculate the remainder when (190/(-380))/(1/(-2154)) is divided by 115.
42
Let w = -3 - -3. Suppose w = v - 4*d - 41, -2*d - 2 = v - 19. What is the remainder when 97 is divided by v?
22
Suppose n - 84 = 3*b, -122 = -5*n - 5*b + 258. Calculate the remainder when 633 is divided by n.
9
Let b(h) = 2*h**3 - 25*h**2 - 13*h + 20. What is the remainder when 1012 is divided by b(13)?
12
Suppose -2*u - 535 = -3*y, -6*y + 10*y - 708 = 4*u. Let w = -154 + y. Calculate the remainder when w is divided by 15.
12
Suppose 0 = -9*i + 4*i + 2*c + 72, -5*i = 4*c - 96. What is the remainder when 653 is divided by i?
13
Let x = 58 + -52. Suppose -x*z = 68 - 248. What is the remainder when 89 is divided by z?
29
Suppose 2528 = -18*n + 73*n + 24*n. Calculate the remainder when 411 is divided by n.
27
Suppose -6927 = -19*a + 2626 + 5856. Calculate the remainder when a is divided by 257.
40
Suppose 142*s - 6 = 145*s, 0 = 5*v + s - 113. What is the remainder when 2665 is divided by v?
20
Let j = -1108 - -1364. What is the remainder when j is divided by 51?
1
Calculate the remainder when (16 - 685/(-3)) + ((-4)/(-6))/1 is divided by 17.
7
Suppose -5 = v - 51. Suppose 1404 = -34*x + v*x. Calculate the remainder when x is divided by 17.
15
Suppose -5*y + 192*m - 187*m + 660 = 0, 2*m = -y + 111. Calculate the remainder when 612 is divided by y.
112
Let l be 3/4 + 361/(-76). Let s(g) = 5*g**2 - g - 13. Let f = 26 + -14. Calculate the remainder when s(l) is divided by f.
11
Suppose 0 = 2*a - 2, 4*z - 2*a = -70 + 172. What is the remainder when z is divided by 23?
3
Suppose -2*w = -t + 73 + 22, -5*t + 493 = -4*w. Suppose -x - 90 + t = 0. What is the remainder when x is divided by 9?
2
Let b(y) = -275*y + 634. Calculate the remainder when 415 is divided by b(2).
79
Suppose 66*i - 10 = 56*i. Let f(m) = 148*m**2 - 8*m - 1. What is the remainder when f(i) is divided by 38?
25
Let i(z) = -71*z - 1327. Calculate the remainder when i(-33) is divided by 17.
13
Let i = -3841 - -3852. What is the remainder when 582 is divided by i?
10
Let g(a) = -22*a**2 + 6*a - 5. Let c be g(1). What is the remainder when 1 + 14/c + 316/6 is divided by -19*1/(-1)*(2 + -1)?
15
Let g(t) = 70*t - 187. Suppose -l + 34 = -50. What is the remainder when g(5) is divided by l?
79
Suppose 5*j - 4*o = o - 5, 0 = -3*j + 4*o - 7. Suppose 0 = 2*w - s - 502, j*s = -3*w + s + 753. Calculate the remainder when w is divided by 28.
27
Calculate the remainder when 154 is divided by 300/(-4 + 14) - 15.
4
Let s(c) = -54*c + 2536. Calculate the remainder when 797 is divided by s(44).
157
Let m(z) = -z**2 + 15*z + 23. Calculate the remainder when 233 is divided by m(0).
3
Let f = 678 - 641. Suppose 85 = 3*m - l, -145 = -0*m - 5*m + l. Calculate the remainder when f is divided by m.
7
Let b = -215 + 245. Suppose -8*o - b = -m - 5*o, 5*o + 86 = 3*m. Let g = -593 + 835. Calculate the remainder when g is divided by m.
26
Suppose 26*x - 68 = -k + 30*x, 0 = k - x - 59. Calculate the remainder when 267 is divided by k.
43
Suppose 0 = -20*y + 12 + 28. Let g(j) = -3*j + 6*j + 1258 + j**y - 1265. What is the remainder when 55 is divided by g(-7)?
13
Let z(p) = -20*p - 8*p + 17*p + 13 - 5*p - 19*p. What is the remainder when z(-4) is divided by 78?
75
Let x = -135 + 140. Suppose -10*v + 6*v = -x*d + 49, -2*v + 34 = 2*d. Calculate the remainder when 72 is divided by d.
7
Let t = 9146 - 9031. What is the remainder when t is divided by 33?
16
Suppose -6970 = 91*z - 108*z. What is the remainder when z is divided by 67?
8
Let c = 925 + -533. Let s = c - 303. Calculate the remainder when s is divided by 19.
13
Let k = 184 - 185. What is the remainder when 4116/72 - k/(-6) is divided by 12?
9
Let a = -1362 - -1577. Calculate the remainder when a is divided by 33.
17
Suppose -4*k - 8 = 2*r, 3*k - 2*k + 4*r = 5. Calculate the remainder when 133 is divided by (8/6)/(-4) - 136/k.
43
Let v = 2612 + -2597. Let w(s) = s**2 + 14*s + 1. Let x be w(-13). Calculate the remainder when -8*(231/x - 3) is divided by v.
13
Let m = 95 - -78. Suppose 4*c - m - 19 = 0. Calculate the remainder when c is divided by (-8)/(-28) - ((-117)/7 - 0).
14
Let t(u) = -5*u - 5. Suppose -z - 4 = -0, -28 = -3*c + 4*z. Let n be t(c). Let g = n + 64. Calculate the remainder when g is divided by 15.
9
Suppose -15*d + 2*g = -19*d + 46, -28 = -d + 5*g. Calculate the remainder when 1899 is divided by d.
1
Let v = -9 + 16. Let z = 2368 - 2342. Calculate the remainder when z is divided by v.
5
Let d(c) = -166*c - 774. Calculate the remainder when d(-17) is divided by 57.
53
Let u = 95176 + -94936. Calculate the remainder when u is divided by (122/(-6))/((-2)/6).
57
Let w(g) = -365*g + 3305. What is the remainder when 3479 is divided by w(9)?
19
Suppose -170 = -5*d + g, 291*d = 287*d - 3*g + 155. Calculate the remainder when 2042 is divided by d.
12
Suppose 216*n - 195*n = 1344. Calculate the remainder when n is divided by 68*(4 + -3)/2.
30
Let f be (-5)/(-5 - 0) + -1. Suppose -51*h + 47*h + 92 = f. What is the remainder when 45 is divided by h?
22
Suppose 2*t = -s + 773, 4*t - 4*s - 418 = 3*t. Suppose -o = -39 - 10. What is the remainder when t is divided by o?
47
Let g(o) = 7*o**2 + 1208*o + 1926. What is the remainder when -1*(2 + 0)*-24 is divided by g(-171)?
3
Let w(p) = -25*p - 107. Let m be w(-20). Suppose -f + m = 3*h, -3*f - 2*f = h - 145. Calculate the remainder when h is divided by 28.
18
Let j = -13126 + 15931. What is the remainder when j is divided by 45?
15
Let u(q) = 6*q - 7. Let b(f) = -7*f + 6. Let o(p) = -5*b(p) - 6*u(p). Let n = 2 + 4. Calculate the remainder when o(n) is divided by 2.
0
Suppose 2*l = -84*k + 83*k + 508, -4*l = -5*k - 1044. Calculate the remainder when 835 is divided by l.
67
Let h = -21395 - -22716. Calculate the remainder when h is divided by 340.
301
Suppose 5*m + 295 = 2*r + 67, m = -2*r + 240. Calculate the remainder when r is divided by 43.
33
Let j(o) = o**2 + 18*o + 56. Let t be j(-4). Suppose t = -0*l + 20*l - 260. What is the remainder when 25 is divided by l?
12
Let r = -118 - -120. Suppose -6*l - 4*z + 52 = -4*l, -5*z = -r*l + 61. What is the remainder when 81 is divided by l?
25
Let v(x) = -3*x - 3. Let m(o) be the first derivative of o**4/4 + 38*o**3/3 - 37*o**2/2 + 83*o + 177. What is the remainder when v(-4) is divided by m(-39)?
4
Let a = 12817 + -12666. Calculate the remainder when 4372 is divided by a.
144
Let g = -25079 - -25108. What is the remainder when 5884 is divided by g?
26
Suppose -13*j - 8 = -17*j. Suppose 3*q + 3*b = 78, j*q - b = 4*q - 57. What is the remainder when 247 is divided by q?
30
Suppose 5*n + 4*l + 31 = -31, 3*n = 3*l - 48. Let